{"id":53,"date":"2013-07-03T13:40:03","date_gmt":"2013-07-03T11:40:03","guid":{"rendered":"http:\/\/hemeln.square7.ch\/?page_id=53"},"modified":"2026-04-18T13:52:52","modified_gmt":"2026-04-18T11:52:52","slug":"home-2","status":"publish","type":"page","link":"https:\/\/tsv-jahn-hemeln.de\/","title":{"rendered":"Home"},"content":{"rendered":"<h2>Willkommen auf der Homepage des&#8230;<\/h2>\n<p><a href=\"http:\/\/www.tsv-jahn-hemeln.de\/wp-content\/uploads\/2015\/10\/Untitled-3-e1373353292931.png\"><img decoding=\"async\" loading=\"lazy\" class=\"alignnone size-full wp-image-1662\" src=\"http:\/\/www.tsv-jahn-hemeln.de\/wp-content\/uploads\/2015\/10\/Untitled-3-e1373353292931.png\" alt=\"Untitled-3-e1373353292931\" width=\"728\" height=\"138\" srcset=\"https:\/\/tsv-jahn-hemeln.de\/wp-content\/uploads\/2015\/10\/Untitled-3-e1373353292931.png 728w, https:\/\/tsv-jahn-hemeln.de\/wp-content\/uploads\/2015\/10\/Untitled-3-e1373353292931-300x57.png 300w\" sizes=\"(max-width: 728px) 100vw, 728px\" \/><\/a><\/p>\n<hr \/>\n<p><a href=\"http:\/\/tsv-jahn-hemeln.de\/wp-content\/uploads\/2026\/04\/Plakat-TDE-2026.jpg\"><img decoding=\"async\" loading=\"lazy\" class=\"alignnone  wp-image-3894\" src=\"http:\/\/tsv-jahn-hemeln.de\/wp-content\/uploads\/2026\/04\/Plakat-TDE-2026-212x300.jpg\" alt=\"\" width=\"437\" height=\"618\" srcset=\"https:\/\/tsv-jahn-hemeln.de\/wp-content\/uploads\/2026\/04\/Plakat-TDE-2026-212x300.jpg 212w, https:\/\/tsv-jahn-hemeln.de\/wp-content\/uploads\/2026\/04\/Plakat-TDE-2026.jpg 607w\" sizes=\"(max-width: 437px) 100vw, 437px\" \/><\/a><\/p>\n<hr \/>\n<p><span style=\"font-family: trebuchet ms, geneva, sans-serif; font-size: 14pt;\">+++ NEUES KURSANGEBOT !!!\u00a0 +++<\/span><br \/><span style=\"font-family: trebuchet ms, geneva, sans-serif; font-size: 14pt;\">Wir bieten Euch im Fr\u00fchjahr einen Linde Dance Kurs an!\u00a0 Zun\u00e4chst ein Anf\u00e4ngerkurs und im Anschluss ein Kurs f\u00fcr Fortgeschrittene. Letzterer k\u00f6nnte auch eine prima Erg\u00e4nzung und interessant f\u00fcr die sein, die schon im Vorjahr dabei waren. Also nicht z\u00f6gern! Rauf auf die Tanzfl\u00e4che! Yiiiiehaaa!!\u00a0<\/span><\/p>\n<p>\u00a0<\/p>\n<p><a href=\"http:\/\/tsv-jahn-hemeln.de\/wp-content\/uploads\/2026\/01\/Flyer-LineDance-2026-Anfaenger.jpg\"><img decoding=\"async\" loading=\"lazy\" class=\"alignnone  wp-image-3837\" src=\"http:\/\/tsv-jahn-hemeln.de\/wp-content\/uploads\/2026\/01\/Flyer-LineDance-2026-Anfaenger-211x300.jpg\" alt=\"\" width=\"399\" height=\"567\" srcset=\"https:\/\/tsv-jahn-hemeln.de\/wp-content\/uploads\/2026\/01\/Flyer-LineDance-2026-Anfaenger-211x300.jpg 211w, https:\/\/tsv-jahn-hemeln.de\/wp-content\/uploads\/2026\/01\/Flyer-LineDance-2026-Anfaenger.jpg 703w\" sizes=\"(max-width: 399px) 100vw, 399px\" \/><\/a> \u00a0 \u00a0 \u00a0<a href=\"http:\/\/tsv-jahn-hemeln.de\/wp-content\/uploads\/2026\/01\/Flyer-LineDance-2026-Fortgeschrittene.jpg\"><img decoding=\"async\" loading=\"lazy\" class=\"alignnone  wp-image-3838\" src=\"http:\/\/tsv-jahn-hemeln.de\/wp-content\/uploads\/2026\/01\/Flyer-LineDance-2026-Fortgeschrittene-212x300.jpg\" alt=\"\" width=\"403\" height=\"570\" srcset=\"https:\/\/tsv-jahn-hemeln.de\/wp-content\/uploads\/2026\/01\/Flyer-LineDance-2026-Fortgeschrittene-212x300.jpg 212w, https:\/\/tsv-jahn-hemeln.de\/wp-content\/uploads\/2026\/01\/Flyer-LineDance-2026-Fortgeschrittene.jpg 707w\" sizes=\"(max-width: 403px) 100vw, 403px\" \/><\/a><\/p>\n<hr \/>\n<p><a href=\"http:\/\/www.tsv-jahn-hemeln.de\/wp-content\/uploads\/2025\/10\/IMG-20250808-WA0014.jpg\"><img decoding=\"async\" loading=\"lazy\" class=\"alignnone  wp-image-3780\" src=\"http:\/\/www.tsv-jahn-hemeln.de\/wp-content\/uploads\/2025\/10\/IMG-20250808-WA0014-212x300.jpg\" alt=\"\" width=\"394\" height=\"558\" srcset=\"https:\/\/tsv-jahn-hemeln.de\/wp-content\/uploads\/2025\/10\/IMG-20250808-WA0014-212x300.jpg 212w, https:\/\/tsv-jahn-hemeln.de\/wp-content\/uploads\/2025\/10\/IMG-20250808-WA0014-724x1024.jpg 724w, https:\/\/tsv-jahn-hemeln.de\/wp-content\/uploads\/2025\/10\/IMG-20250808-WA0014-768x1086.jpg 768w, https:\/\/tsv-jahn-hemeln.de\/wp-content\/uploads\/2025\/10\/IMG-20250808-WA0014-1086x1536.jpg 1086w, https:\/\/tsv-jahn-hemeln.de\/wp-content\/uploads\/2025\/10\/IMG-20250808-WA0014.jpg 1131w\" sizes=\"(max-width: 394px) 100vw, 394px\" \/><\/a><\/p>\n<hr \/>\n<p><span style=\"font-family: tahoma, arial, helvetica, sans-serif; font-size: 18pt;\">Zum Vergr\u00f6\u00dfern k\u00f6nnt ihr Infobl\u00e4tter oder Flyer direkt anklicken und downloaden (auch gern weitergeben).<\/span><\/p>\n<hr \/>\n<p><span style=\"font-size: 14pt;\"><a href=\"http:\/\/www.tsv-jahn-hemeln.de\/wp-content\/uploads\/2025\/02\/Fit-im-Alter.png\"><img decoding=\"async\" loading=\"lazy\" class=\"alignnone  wp-image-3556\" src=\"http:\/\/www.tsv-jahn-hemeln.de\/wp-content\/uploads\/2025\/02\/Fit-im-Alter-212x300.png\" alt=\"\" width=\"388\" height=\"549\" srcset=\"https:\/\/tsv-jahn-hemeln.de\/wp-content\/uploads\/2025\/02\/Fit-im-Alter-212x300.png 212w, https:\/\/tsv-jahn-hemeln.de\/wp-content\/uploads\/2025\/02\/Fit-im-Alter-724x1024.png 724w, https:\/\/tsv-jahn-hemeln.de\/wp-content\/uploads\/2025\/02\/Fit-im-Alter-768x1086.png 768w, https:\/\/tsv-jahn-hemeln.de\/wp-content\/uploads\/2025\/02\/Fit-im-Alter-1086x1536.png 1086w, https:\/\/tsv-jahn-hemeln.de\/wp-content\/uploads\/2025\/02\/Fit-im-Alter.png 1414w\" sizes=\"(max-width: 388px) 100vw, 388px\" \/><\/a><a href=\"http:\/\/www.tsv-jahn-hemeln.de\/wp-content\/uploads\/2024\/11\/Flyer-TSV-Fitness-2024.jpg\">\u00a0\u00a0\u00a0\u00a0\u00a0\u00a0\u00a0 <\/a><a href=\"http:\/\/www.tsv-jahn-hemeln.de\/wp-content\/uploads\/2025\/02\/Neue-Kurse-unter-der-Leitung-von-Susanne-Jatho.png\"><img decoding=\"async\" loading=\"lazy\" class=\"alignnone  wp-image-3558\" src=\"http:\/\/www.tsv-jahn-hemeln.de\/wp-content\/uploads\/2025\/02\/Neue-Kurse-unter-der-Leitung-von-Susanne-Jatho-212x300.png\" alt=\"\" width=\"388\" height=\"549\" srcset=\"https:\/\/tsv-jahn-hemeln.de\/wp-content\/uploads\/2025\/02\/Neue-Kurse-unter-der-Leitung-von-Susanne-Jatho-212x300.png 212w, https:\/\/tsv-jahn-hemeln.de\/wp-content\/uploads\/2025\/02\/Neue-Kurse-unter-der-Leitung-von-Susanne-Jatho-724x1024.png 724w, https:\/\/tsv-jahn-hemeln.de\/wp-content\/uploads\/2025\/02\/Neue-Kurse-unter-der-Leitung-von-Susanne-Jatho-768x1086.png 768w, https:\/\/tsv-jahn-hemeln.de\/wp-content\/uploads\/2025\/02\/Neue-Kurse-unter-der-Leitung-von-Susanne-Jatho-1086x1536.png 1086w, https:\/\/tsv-jahn-hemeln.de\/wp-content\/uploads\/2025\/02\/Neue-Kurse-unter-der-Leitung-von-Susanne-Jatho.png 1414w\" sizes=\"(max-width: 388px) 100vw, 388px\" \/><\/a><\/span><\/p>\n<p>\u00a0<\/p>\n<hr \/>\n<p><strong><span style=\"font-size: 24pt; font-family: trebuchet ms, geneva, sans-serif;\"><span style=\"color: #008000;\">Jahreshauptversammlung 2026:<\/span> <\/span><\/strong><\/p>\n<p><span style=\"font-family: 'arial black', sans-serif; font-size: 18pt;\">Vorstand und geehrte Mitglieder vom 21.02.2026<br \/><\/span><span style=\"font-family: 'arial black', sans-serif; font-size: 18pt;\"><a href=\"http:\/\/www.tsv-jahn-hemeln.de\/wp-content\/uploads\/2025\/02\/Geehrte-2025-alle-klein-scaled.jpg\">\u00a0<\/a><a href=\"http:\/\/tsv-jahn-hemeln.de\/wp-content\/uploads\/2026\/02\/IMG-20260221-WA0008.jpg\"><img decoding=\"async\" loading=\"lazy\" class=\"alignnone  wp-image-3871\" src=\"http:\/\/tsv-jahn-hemeln.de\/wp-content\/uploads\/2026\/02\/IMG-20260221-WA0008-300x192.jpg\" alt=\"\" width=\"702\" height=\"449\" srcset=\"https:\/\/tsv-jahn-hemeln.de\/wp-content\/uploads\/2026\/02\/IMG-20260221-WA0008-300x192.jpg 300w, https:\/\/tsv-jahn-hemeln.de\/wp-content\/uploads\/2026\/02\/IMG-20260221-WA0008-1024x657.jpg 1024w, https:\/\/tsv-jahn-hemeln.de\/wp-content\/uploads\/2026\/02\/IMG-20260221-WA0008.jpg 1506w\" sizes=\"(max-width: 702px) 100vw, 702px\" \/><\/a><br \/><span style=\"font-family: arial, helvetica, sans-serif; font-size: 12pt;\">Zum Vergr\u00f6\u00dfern einfach das Bild anklicken.<\/span><\/span><\/p>\n<p><span style=\"font-size: 14pt; font-family: 'trebuchet ms', geneva, sans-serif;\">Stehend von links:\u00a0 \u00a0Monika Gronemann, Dennis Reichhardt, Wibke Rudolph, Gitta Koch, Thomas Baake, Ilse Weitemeyer, Heiko Beuermann, Petra Baake, Jochen Mundt, Angelika Seefried, Katharina Schucht, Theresa Baake, Uwe Leck, Annika B\u00fchrmann, Klaus Dressler (KSB), Irmtraut Gralla, Uwe Osenbr\u00fcck, Achim Dietzek, Andr\u00e9 Hirschel<\/span><\/p>\n<p><span style=\"font-size: 14pt; font-family: 'trebuchet ms', geneva, sans-serif;\">Kniend von links:\u00a0 \u00a0Arnd Rode, Tobias K\u00fchne, Norman Klerner, Michael Rudolph<\/span><\/p>\n<p>\u00a0<\/p>\n\n\n<h2 class=\"wp-block-heading\"><\/h2>\n","protected":false},"excerpt":{"rendered":"<p>Willkommen auf der Homepage des&#8230; +++ NEUES KURSANGEBOT !!!\u00a0 +++Wir bieten Euch im Fr\u00fchjahr einen Linde Dance Kurs an!\u00a0 Zun\u00e4chst ein Anf\u00e4ngerkurs und im Anschluss ein Kurs f\u00fcr Fortgeschrittene. Letzterer k\u00f6nnte auch eine prima Erg\u00e4nzung und interessant f\u00fcr die sein, die schon im Vorjahr dabei waren. Also nicht z\u00f6gern! Rauf auf die Tanzfl\u00e4che! Yiiiiehaaa!!\u00a0 \u00a0 [&hellip;]<\/p>\n","protected":false},"author":1,"featured_media":0,"parent":0,"menu_order":0,"comment_status":"closed","ping_status":"open","template":"","meta":[],"_links":{"self":[{"href":"https:\/\/tsv-jahn-hemeln.de\/index.php?rest_route=\/wp\/v2\/pages\/53"}],"collection":[{"href":"https:\/\/tsv-jahn-hemeln.de\/index.php?rest_route=\/wp\/v2\/pages"}],"about":[{"href":"https:\/\/tsv-jahn-hemeln.de\/index.php?rest_route=\/wp\/v2\/types\/page"}],"author":[{"embeddable":true,"href":"https:\/\/tsv-jahn-hemeln.de\/index.php?rest_route=\/wp\/v2\/users\/1"}],"replies":[{"embeddable":true,"href":"https:\/\/tsv-jahn-hemeln.de\/index.php?rest_route=%2Fwp%2Fv2%2Fcomments&post=53"}],"version-history":[{"count":87,"href":"https:\/\/tsv-jahn-hemeln.de\/index.php?rest_route=\/wp\/v2\/pages\/53\/revisions"}],"predecessor-version":[{"id":3897,"href":"https:\/\/tsv-jahn-hemeln.de\/index.php?rest_route=\/wp\/v2\/pages\/53\/revisions\/3897"}],"wp:attachment":[{"href":"https:\/\/tsv-jahn-hemeln.de\/index.php?rest_route=%2Fwp%2Fv2%2Fmedia&parent=53"}],"curies":[{"name":"wp","href":"https:\/\/api.w.org\/{rel}","templated":true}]}}