{"id":3109,"date":"2023-08-20T20:56:46","date_gmt":"2023-08-20T18:56:46","guid":{"rendered":"http:\/\/www.tsv-jahn-hemeln.de\/?page_id=3109"},"modified":"2024-04-24T10:06:30","modified_gmt":"2024-04-24T08:06:30","slug":"badminton-2","status":"publish","type":"page","link":"https:\/\/tsv-jahn-hemeln.de\/?page_id=3109","title":{"rendered":"Badminton"},"content":{"rendered":"\n<figure class=\"wp-block-image size-full\"><a href=\"http:\/\/www.tsv-jahn-hemeln.de\/wp-content\/uploads\/2023\/09\/Badminton.png\"><img decoding=\"async\" loading=\"lazy\" width=\"225\" height=\"224\" src=\"http:\/\/www.tsv-jahn-hemeln.de\/wp-content\/uploads\/2023\/09\/Badminton.png\" alt=\"\" class=\"wp-image-3123\" srcset=\"https:\/\/tsv-jahn-hemeln.de\/wp-content\/uploads\/2023\/09\/Badminton.png 225w, https:\/\/tsv-jahn-hemeln.de\/wp-content\/uploads\/2023\/09\/Badminton-150x150.png 150w, https:\/\/tsv-jahn-hemeln.de\/wp-content\/uploads\/2023\/09\/Badminton-144x144.png 144w\" sizes=\"(max-width: 225px) 100vw, 225px\" \/><\/a><\/figure>\n\n\n\n<p>_______________________________________________________________________________________<\/p>\n\n\n\n<p class=\"has-medium-font-size\">Die Badmintonsparte befindet sich nach ihrer Aufl\u00f6sung vor drei Jahren aktuell im Aufbau.<\/p>\n\n\n\n<p class=\"has-medium-font-size\">Die Trainingszeit ist samstags von 13:30 bis 16:30 Uhr in der Walter-K\u00fchne-Halle.<\/p>\n\n\n\n<p class=\"has-medium-font-size\">Einfach mal reinschauen oder bei Spartenleiter Hartmut Gr\u00fcnewald melden <br>0 176 567 52 774<\/p>\n\n\n\n<p><\/p>\n","protected":false},"excerpt":{"rendered":"<p>_______________________________________________________________________________________ Die Badmintonsparte befindet sich nach ihrer Aufl\u00f6sung vor drei Jahren aktuell im Aufbau. Die Trainingszeit ist samstags von 13:30 bis 16:30 Uhr in der Walter-K\u00fchne-Halle. Einfach mal reinschauen oder bei Spartenleiter Hartmut Gr\u00fcnewald melden 0 176 567 52 774<\/p>\n","protected":false},"author":1,"featured_media":0,"parent":0,"menu_order":0,"comment_status":"closed","ping_status":"closed","template":"","meta":[],"_links":{"self":[{"href":"https:\/\/tsv-jahn-hemeln.de\/index.php?rest_route=\/wp\/v2\/pages\/3109"}],"collection":[{"href":"https:\/\/tsv-jahn-hemeln.de\/index.php?rest_route=\/wp\/v2\/pages"}],"about":[{"href":"https:\/\/tsv-jahn-hemeln.de\/index.php?rest_route=\/wp\/v2\/types\/page"}],"author":[{"embeddable":true,"href":"https:\/\/tsv-jahn-hemeln.de\/index.php?rest_route=\/wp\/v2\/users\/1"}],"replies":[{"embeddable":true,"href":"https:\/\/tsv-jahn-hemeln.de\/index.php?rest_route=%2Fwp%2Fv2%2Fcomments&post=3109"}],"version-history":[{"count":7,"href":"https:\/\/tsv-jahn-hemeln.de\/index.php?rest_route=\/wp\/v2\/pages\/3109\/revisions"}],"predecessor-version":[{"id":3301,"href":"https:\/\/tsv-jahn-hemeln.de\/index.php?rest_route=\/wp\/v2\/pages\/3109\/revisions\/3301"}],"wp:attachment":[{"href":"https:\/\/tsv-jahn-hemeln.de\/index.php?rest_route=%2Fwp%2Fv2%2Fmedia&parent=3109"}],"curies":[{"name":"wp","href":"https:\/\/api.w.org\/{rel}","templated":true}]}}

<figure class="wp-block-image size-full"><a href="http://www.tsv-jahn-hemeln.de/wp-content/uploads/2023/09/Badminton.png"><img decoding="async" loading="lazy" width="225" height="224" src="http://www.tsv-jahn-hemeln.de/wp-content/uploads/2023/09/Badminton.png" alt="" class="wp-image-3123" srcset="https://tsv-jahn-hemeln.de/wp-content/uploads/2023/09/Badminton.png 225w, https://tsv-jahn-hemeln.de/wp-content/uploads/2023/09/Badminton-150x150.png 150w, https://tsv-jahn-hemeln.de/wp-content/uploads/2023/09/Badminton-144x144.png 144w" sizes="(max-width: 225px) 100vw, 225px" /></a></figure>



<p>_______________________________________________________________________________________</p>



<p class="has-medium-font-size">Die Badmintonsparte befindet sich nach ihrer Auflösung vor drei Jahren aktuell im Aufbau.</p>



<p class="has-medium-font-size">Die Trainingszeit ist samstags von 13:30 bis 16:30 Uhr in der Walter-Kühne-Halle.</p>



<p class="has-medium-font-size">Einfach mal reinschauen oder bei Spartenleiter Hartmut Grünewald melden <br>0 176 567 52 774</p>



<p></p>

<p>_______________________________________________________________________________________ Die Badmintonsparte befindet sich nach ihrer Auflösung vor drei Jahren aktuell im Aufbau. Die Trainingszeit ist samstags von 13:30 bis 16:30 Uhr in der Walter-Kühne-Halle. Einfach mal reinschauen oder bei Spartenleiter Hartmut Grünewald melden 0 176 567 52 774</p>
