{"id":172,"date":"2013-07-04T17:14:03","date_gmt":"2013-07-04T15:14:03","guid":{"rendered":"http:\/\/hemeln.square7.ch\/?page_id=172"},"modified":"2025-03-02T17:55:48","modified_gmt":"2025-03-02T15:55:48","slug":"tischtennis","status":"publish","type":"page","link":"https:\/\/tsv-jahn-hemeln.de\/?page_id=172","title":{"rendered":"Tischtennis"},"content":{"rendered":"<p style=\"text-align: center;\"><a href=\"http:\/\/www.tsv-jahn-hemeln.de\/wp-content\/uploads\/2013\/07\/TT-Februar-2016.jpg\" rel=\"attachment wp-att-1816\"><span style=\"font-size: 18pt;\">(Teile der) 1. und 2. Herrenmannschaft<\/span><\/a><\/p>\n<p style=\"text-align: center;\"><span style=\"font-size: 18pt; font-family: tahoma, arial, helvetica, sans-serif; color: #ffffff;\">Zum Vergr\u00f6\u00dfern, das Bild einfach mit der linken Maustaste anklicken!<\/span><\/p>\n<p style=\"text-align: center;\"><a href=\"http:\/\/www.tsv-jahn-hemeln.de\/wp-content\/uploads\/2024\/09\/Tischtennis-Herbst-2024-2-scaled.jpg\"><img decoding=\"async\" loading=\"lazy\" class=\"alignnone  wp-image-3470\" src=\"http:\/\/www.tsv-jahn-hemeln.de\/wp-content\/uploads\/2024\/09\/Tischtennis-Herbst-2024-2-300x134.jpg\" alt=\"\" width=\"452\" height=\"202\" srcset=\"https:\/\/tsv-jahn-hemeln.de\/wp-content\/uploads\/2024\/09\/Tischtennis-Herbst-2024-2-300x134.jpg 300w, https:\/\/tsv-jahn-hemeln.de\/wp-content\/uploads\/2024\/09\/Tischtennis-Herbst-2024-2-1024x459.jpg 1024w, https:\/\/tsv-jahn-hemeln.de\/wp-content\/uploads\/2024\/09\/Tischtennis-Herbst-2024-2-768x344.jpg 768w, https:\/\/tsv-jahn-hemeln.de\/wp-content\/uploads\/2024\/09\/Tischtennis-Herbst-2024-2-1536x688.jpg 1536w, https:\/\/tsv-jahn-hemeln.de\/wp-content\/uploads\/2024\/09\/Tischtennis-Herbst-2024-2-2048x917.jpg 2048w\" sizes=\"(max-width: 452px) 100vw, 452px\" \/><\/a><\/p>\n<p style=\"text-align: center;\"><span style=\"font-size: 12pt;\"><em><a href=\"http:\/\/www.tsv-jahn-hemeln.de\/wp-content\/uploads\/2013\/07\/TT-Februar-2016.jpg\" rel=\"attachment wp-att-1816\">Spartenleiter ist Ren\u00e9 Schwarzer<\/a><\/em><\/span><\/p>\n","protected":false},"excerpt":{"rendered":"<p>(Teile der) 1. und 2. Herrenmannschaft Zum Vergr\u00f6\u00dfern, das Bild einfach mit der linken Maustaste anklicken! Spartenleiter ist Ren\u00e9 Schwarzer<\/p>\n","protected":false},"author":1,"featured_media":0,"parent":0,"menu_order":0,"comment_status":"closed","ping_status":"closed","template":"","meta":[],"_links":{"self":[{"href":"https:\/\/tsv-jahn-hemeln.de\/index.php?rest_route=\/wp\/v2\/pages\/172"}],"collection":[{"href":"https:\/\/tsv-jahn-hemeln.de\/index.php?rest_route=\/wp\/v2\/pages"}],"about":[{"href":"https:\/\/tsv-jahn-hemeln.de\/index.php?rest_route=\/wp\/v2\/types\/page"}],"author":[{"embeddable":true,"href":"https:\/\/tsv-jahn-hemeln.de\/index.php?rest_route=\/wp\/v2\/users\/1"}],"replies":[{"embeddable":true,"href":"https:\/\/tsv-jahn-hemeln.de\/index.php?rest_route=%2Fwp%2Fv2%2Fcomments&post=172"}],"version-history":[{"count":11,"href":"https:\/\/tsv-jahn-hemeln.de\/index.php?rest_route=\/wp\/v2\/pages\/172\/revisions"}],"predecessor-version":[{"id":3604,"href":"https:\/\/tsv-jahn-hemeln.de\/index.php?rest_route=\/wp\/v2\/pages\/172\/revisions\/3604"}],"wp:attachment":[{"href":"https:\/\/tsv-jahn-hemeln.de\/index.php?rest_route=%2Fwp%2Fv2%2Fmedia&parent=172"}],"curies":[{"name":"wp","href":"https:\/\/api.w.org\/{rel}","templated":true}]}}

<p style="text-align: center;"><a href="http://www.tsv-jahn-hemeln.de/wp-content/uploads/2013/07/TT-Februar-2016.jpg" rel="attachment wp-att-1816"><span style="font-size: 18pt;">(Teile der) 1. und 2. Herrenmannschaft</span></a></p>
<p style="text-align: center;"><span style="font-size: 18pt; font-family: tahoma, arial, helvetica, sans-serif; color: #ffffff;">Zum Vergrößern, das Bild einfach mit der linken Maustaste anklicken!</span></p>
<p style="text-align: center;"><a href="http://www.tsv-jahn-hemeln.de/wp-content/uploads/2024/09/Tischtennis-Herbst-2024-2-scaled.jpg"><img decoding="async" loading="lazy" class="alignnone  wp-image-3470" src="http://www.tsv-jahn-hemeln.de/wp-content/uploads/2024/09/Tischtennis-Herbst-2024-2-300x134.jpg" alt="" width="452" height="202" srcset="https://tsv-jahn-hemeln.de/wp-content/uploads/2024/09/Tischtennis-Herbst-2024-2-300x134.jpg 300w, https://tsv-jahn-hemeln.de/wp-content/uploads/2024/09/Tischtennis-Herbst-2024-2-1024x459.jpg 1024w, https://tsv-jahn-hemeln.de/wp-content/uploads/2024/09/Tischtennis-Herbst-2024-2-768x344.jpg 768w, https://tsv-jahn-hemeln.de/wp-content/uploads/2024/09/Tischtennis-Herbst-2024-2-1536x688.jpg 1536w, https://tsv-jahn-hemeln.de/wp-content/uploads/2024/09/Tischtennis-Herbst-2024-2-2048x917.jpg 2048w" sizes="(max-width: 452px) 100vw, 452px" /></a></p>
<p style="text-align: center;"><span style="font-size: 12pt;"><em><a href="http://www.tsv-jahn-hemeln.de/wp-content/uploads/2013/07/TT-Februar-2016.jpg" rel="attachment wp-att-1816">Spartenleiter ist René Schwarzer</a></em></span></p>

<p>(Teile der) 1. und 2. Herrenmannschaft Zum Vergrößern, das Bild einfach mit der linken Maustaste anklicken! Spartenleiter ist René Schwarzer</p>
