{"id":157,"date":"2013-07-04T17:10:48","date_gmt":"2013-07-04T15:10:48","guid":{"rendered":"http:\/\/hemeln.square7.ch\/?page_id=157"},"modified":"2024-04-24T11:03:31","modified_gmt":"2024-04-24T09:03:31","slug":"curling","status":"publish","type":"page","link":"https:\/\/tsv-jahn-hemeln.de\/?page_id=157","title":{"rendered":"Curling"},"content":{"rendered":"<p><span style=\"font-size: 18pt; font-family: 'trebuchet ms', geneva, sans-serif;\">Die Curlingsparte trifft sich in zwei unterschiedlich besetzten Gruppen<\/span><br \/>\n<span style=\"font-size: 18pt; font-family: 'trebuchet ms', geneva, sans-serif;\"> abwechselnd sonntags um 16:30 Uhr in der Walter-K\u00fchne-Halle.<\/span><\/p>\n<p><span style=\"font-size: 18pt; font-family: 'trebuchet ms', geneva, sans-serif;\">In den hei\u00dfen Sommerwochen werden oft andere Aktivit\u00e4ten betrieben, die<\/span><br \/>\n<span style=\"font-size: 18pt; font-family: 'trebuchet ms', geneva, sans-serif;\"> innerhalb der Gruppen im Vorfeld besprochen und geplant werden.<\/span><\/p>\n<p><span style=\"font-family: 'trebuchet ms', geneva, sans-serif; font-size: 18pt;\"><a href=\"http:\/\/www.tsv-jahn-hemeln.de\/wp-content\/uploads\/2013\/07\/Curling.jpg\" rel=\"attachment wp-att-1804\"><img decoding=\"async\" loading=\"lazy\" class=\"wp-image-1804 aligncenter\" src=\"http:\/\/www.tsv-jahn-hemeln.de\/wp-content\/uploads\/2013\/07\/Curling-300x110.jpg\" alt=\"Curling\" width=\"365\" height=\"134\" srcset=\"https:\/\/tsv-jahn-hemeln.de\/wp-content\/uploads\/2013\/07\/Curling-300x110.jpg 300w, https:\/\/tsv-jahn-hemeln.de\/wp-content\/uploads\/2013\/07\/Curling.jpg 616w\" sizes=\"(max-width: 365px) 100vw, 365px\" \/><\/a><\/span><\/p>\n<p><a href=\"http:\/\/www.tsv-jahn-hemeln.de\/wp-content\/uploads\/2024\/04\/Curling-Gruppe-I-Foto2-scaled.jpg\"><img decoding=\"async\" loading=\"lazy\" class=\"alignnone size-medium wp-image-3341\" src=\"http:\/\/www.tsv-jahn-hemeln.de\/wp-content\/uploads\/2024\/04\/Curling-Gruppe-I-Foto2-300x231.jpg\" alt=\"\" width=\"300\" height=\"231\" srcset=\"https:\/\/tsv-jahn-hemeln.de\/wp-content\/uploads\/2024\/04\/Curling-Gruppe-I-Foto2-300x231.jpg 300w, https:\/\/tsv-jahn-hemeln.de\/wp-content\/uploads\/2024\/04\/Curling-Gruppe-I-Foto2-1024x789.jpg 1024w, https:\/\/tsv-jahn-hemeln.de\/wp-content\/uploads\/2024\/04\/Curling-Gruppe-I-Foto2-768x592.jpg 768w, https:\/\/tsv-jahn-hemeln.de\/wp-content\/uploads\/2024\/04\/Curling-Gruppe-I-Foto2-1536x1183.jpg 1536w, https:\/\/tsv-jahn-hemeln.de\/wp-content\/uploads\/2024\/04\/Curling-Gruppe-I-Foto2-2048x1578.jpg 2048w\" sizes=\"(max-width: 300px) 100vw, 300px\" \/>\u00a0\u00a0\u00a0\u00a0\u00a0\u00a0\u00a0\u00a0\u00a0\u00a0\u00a0\u00a0\u00a0\u00a0\u00a0\u00a0\u00a0\u00a0\u00a0\u00a0\u00a0\u00a0<\/a> <a href=\"http:\/\/www.tsv-jahn-hemeln.de\/wp-content\/uploads\/2024\/04\/Curling-Gruppe-II-Foto.jpg\"><img decoding=\"async\" loading=\"lazy\" class=\"alignnone  wp-image-3342\" src=\"http:\/\/www.tsv-jahn-hemeln.de\/wp-content\/uploads\/2024\/04\/Curling-Gruppe-II-Foto-300x208.jpg\" alt=\"\" width=\"332\" height=\"230\" srcset=\"https:\/\/tsv-jahn-hemeln.de\/wp-content\/uploads\/2024\/04\/Curling-Gruppe-II-Foto-300x208.jpg 300w, https:\/\/tsv-jahn-hemeln.de\/wp-content\/uploads\/2024\/04\/Curling-Gruppe-II-Foto-1024x712.jpg 1024w, https:\/\/tsv-jahn-hemeln.de\/wp-content\/uploads\/2024\/04\/Curling-Gruppe-II-Foto-768x534.jpg 768w, https:\/\/tsv-jahn-hemeln.de\/wp-content\/uploads\/2024\/04\/Curling-Gruppe-II-Foto-1536x1067.jpg 1536w, https:\/\/tsv-jahn-hemeln.de\/wp-content\/uploads\/2024\/04\/Curling-Gruppe-II-Foto-2048x1423.jpg 2048w\" sizes=\"(max-width: 332px) 100vw, 332px\" \/><\/a><\/p>\n<p><span style=\"font-size: 18pt; font-family: 'trebuchet ms', geneva, sans-serif;\">Interessenten melden sich bitte bei unserer 1.Vorsitzenden Monika Gronemann (0 55 44 \/ 72 20) oder bei Susanne Jatho (0 55 44 \/ 70 49).<\/span><\/p>\n","protected":false},"excerpt":{"rendered":"<p>Die Curlingsparte trifft sich in zwei unterschiedlich besetzten Gruppen abwechselnd sonntags um 16:30 Uhr in der Walter-K\u00fchne-Halle. In den hei\u00dfen Sommerwochen werden oft andere Aktivit\u00e4ten betrieben, die innerhalb der Gruppen im Vorfeld besprochen und geplant werden. \u00a0\u00a0\u00a0\u00a0\u00a0\u00a0\u00a0\u00a0\u00a0\u00a0\u00a0\u00a0\u00a0\u00a0\u00a0\u00a0\u00a0\u00a0\u00a0\u00a0\u00a0\u00a0 Interessenten melden sich bitte bei unserer 1.Vorsitzenden Monika Gronemann (0 55 44 \/ 72 20) oder bei Susanne [&hellip;]<\/p>\n","protected":false},"author":1,"featured_media":0,"parent":0,"menu_order":0,"comment_status":"closed","ping_status":"closed","template":"","meta":[],"_links":{"self":[{"href":"https:\/\/tsv-jahn-hemeln.de\/index.php?rest_route=\/wp\/v2\/pages\/157"}],"collection":[{"href":"https:\/\/tsv-jahn-hemeln.de\/index.php?rest_route=\/wp\/v2\/pages"}],"about":[{"href":"https:\/\/tsv-jahn-hemeln.de\/index.php?rest_route=\/wp\/v2\/types\/page"}],"author":[{"embeddable":true,"href":"https:\/\/tsv-jahn-hemeln.de\/index.php?rest_route=\/wp\/v2\/users\/1"}],"replies":[{"embeddable":true,"href":"https:\/\/tsv-jahn-hemeln.de\/index.php?rest_route=%2Fwp%2Fv2%2Fcomments&post=157"}],"version-history":[{"count":5,"href":"https:\/\/tsv-jahn-hemeln.de\/index.php?rest_route=\/wp\/v2\/pages\/157\/revisions"}],"predecessor-version":[{"id":3343,"href":"https:\/\/tsv-jahn-hemeln.de\/index.php?rest_route=\/wp\/v2\/pages\/157\/revisions\/3343"}],"wp:attachment":[{"href":"https:\/\/tsv-jahn-hemeln.de\/index.php?rest_route=%2Fwp%2Fv2%2Fmedia&parent=157"}],"curies":[{"name":"wp","href":"https:\/\/api.w.org\/{rel}","templated":true}]}}

<p><span style="font-size: 18pt; font-family: 'trebuchet ms', geneva, sans-serif;">Die Curlingsparte trifft sich in zwei unterschiedlich besetzten Gruppen</span><br />
<span style="font-size: 18pt; font-family: 'trebuchet ms', geneva, sans-serif;"> abwechselnd sonntags um 16:30 Uhr in der Walter-Kühne-Halle.</span></p>
<p><span style="font-size: 18pt; font-family: 'trebuchet ms', geneva, sans-serif;">In den heißen Sommerwochen werden oft andere Aktivitäten betrieben, die</span><br />
<span style="font-size: 18pt; font-family: 'trebuchet ms', geneva, sans-serif;"> innerhalb der Gruppen im Vorfeld besprochen und geplant werden.</span></p>
<p><span style="font-family: 'trebuchet ms', geneva, sans-serif; font-size: 18pt;"><a href="http://www.tsv-jahn-hemeln.de/wp-content/uploads/2013/07/Curling.jpg" rel="attachment wp-att-1804"><img decoding="async" loading="lazy" class="wp-image-1804 aligncenter" src="http://www.tsv-jahn-hemeln.de/wp-content/uploads/2013/07/Curling-300x110.jpg" alt="Curling" width="365" height="134" srcset="https://tsv-jahn-hemeln.de/wp-content/uploads/2013/07/Curling-300x110.jpg 300w, https://tsv-jahn-hemeln.de/wp-content/uploads/2013/07/Curling.jpg 616w" sizes="(max-width: 365px) 100vw, 365px" /></a></span></p>
<p><a href="http://www.tsv-jahn-hemeln.de/wp-content/uploads/2024/04/Curling-Gruppe-I-Foto2-scaled.jpg"><img decoding="async" loading="lazy" class="alignnone size-medium wp-image-3341" src="http://www.tsv-jahn-hemeln.de/wp-content/uploads/2024/04/Curling-Gruppe-I-Foto2-300x231.jpg" alt="" width="300" height="231" srcset="https://tsv-jahn-hemeln.de/wp-content/uploads/2024/04/Curling-Gruppe-I-Foto2-300x231.jpg 300w, https://tsv-jahn-hemeln.de/wp-content/uploads/2024/04/Curling-Gruppe-I-Foto2-1024x789.jpg 1024w, https://tsv-jahn-hemeln.de/wp-content/uploads/2024/04/Curling-Gruppe-I-Foto2-768x592.jpg 768w, https://tsv-jahn-hemeln.de/wp-content/uploads/2024/04/Curling-Gruppe-I-Foto2-1536x1183.jpg 1536w, https://tsv-jahn-hemeln.de/wp-content/uploads/2024/04/Curling-Gruppe-I-Foto2-2048x1578.jpg 2048w" sizes="(max-width: 300px) 100vw, 300px" />                      </a> <a href="http://www.tsv-jahn-hemeln.de/wp-content/uploads/2024/04/Curling-Gruppe-II-Foto.jpg"><img decoding="async" loading="lazy" class="alignnone  wp-image-3342" src="http://www.tsv-jahn-hemeln.de/wp-content/uploads/2024/04/Curling-Gruppe-II-Foto-300x208.jpg" alt="" width="332" height="230" srcset="https://tsv-jahn-hemeln.de/wp-content/uploads/2024/04/Curling-Gruppe-II-Foto-300x208.jpg 300w, https://tsv-jahn-hemeln.de/wp-content/uploads/2024/04/Curling-Gruppe-II-Foto-1024x712.jpg 1024w, https://tsv-jahn-hemeln.de/wp-content/uploads/2024/04/Curling-Gruppe-II-Foto-768x534.jpg 768w, https://tsv-jahn-hemeln.de/wp-content/uploads/2024/04/Curling-Gruppe-II-Foto-1536x1067.jpg 1536w, https://tsv-jahn-hemeln.de/wp-content/uploads/2024/04/Curling-Gruppe-II-Foto-2048x1423.jpg 2048w" sizes="(max-width: 332px) 100vw, 332px" /></a></p>
<p><span style="font-size: 18pt; font-family: 'trebuchet ms', geneva, sans-serif;">Interessenten melden sich bitte bei unserer 1.Vorsitzenden Monika Gronemann (0 55 44 / 72 20) oder bei Susanne Jatho (0 55 44 / 70 49).</span></p>

<p>Die Curlingsparte trifft sich in zwei unterschiedlich besetzten Gruppen abwechselnd sonntags um 16:30 Uhr in der Walter-Kühne-Halle. In den heißen Sommerwochen werden oft andere Aktivitäten betrieben, die innerhalb der Gruppen im Vorfeld besprochen und geplant werden.                        Interessenten melden sich bitte bei unserer 1.Vorsitzenden Monika Gronemann (0 55 44 / 72 20) oder bei Susanne [&hellip;]</p>
